{"id":590,"date":"2012-05-10T18:18:47","date_gmt":"2012-05-10T18:18:47","guid":{"rendered":"https:\/\/ceramicasantanaba.com.br\/otimiza\/site\/?page_id=590"},"modified":"2025-02-01T23:04:01","modified_gmt":"2025-02-01T23:04:01","slug":"politica-de-sustentabilidade","status":"publish","type":"page","link":"https:\/\/ceramicasantanaba.com.br\/otimiza\/politica-de-sustentabilidade\/","title":{"rendered":"Pol\u00edtica de sustentabilidade"},"content":{"rendered":"\t\t<div data-elementor-type=\"wp-page\" data-elementor-id=\"590\" class=\"elementor elementor-590\" data-elementor-post-type=\"page\">\n\t\t\t\t        <section class=\"elementor-section elementor-top-section elementor-element elementor-element-26754ef elementor-section-boxed elementor-section-height-default elementor-section-height-default pxl-type-header-none pxl-row-scroll-none\" data-id=\"26754ef\" data-element_type=\"section\" data-e-type=\"section\">\n\n                \n                <div class=\"elementor-container elementor-column-gap-default \">\n                <div class=\"elementor-column elementor-col-100 elementor-top-column elementor-element elementor-element-4cd591fc pxl-column-element-default pxl-column-none pxl-column-overflow-hidden-no\" data-id=\"4cd591fc\" data-element_type=\"column\" data-e-type=\"column\">\r\n        <div class=\"elementor-widget-wrap elementor-element-populated\">\r\n                     \r\n        \t\t<div class=\"elementor-element elementor-element-361b8bee elementor-widget elementor-widget-text-editor\" data-id=\"361b8bee\" data-element_type=\"widget\" data-e-type=\"widget\" data-widget_type=\"text-editor.default\">\n\t\t\t\t\t\t\t\t\t<h4><span style=\"color: #000000;\">Ecologicamente correta<\/span><\/h4><p><span style=\"color: #000000;\">Apresentamos nosso compromisso em dire\u00e7\u00e3o aos objetivos da auto-sufici\u00eancia e em dire\u00e7\u00e3o a um neg\u00f3cio que depende fundamentalmente de sustentabilidade.<\/span><\/p><p><span style=\"color: #000000;\">N\u00f3s n\u00e3o s\u00f3 produzimos uma das nossas principais mat\u00e9rias-primas, a madeira, mas como tamb\u00e9m a manejamos com a ajuda da natureza e necessitamos ser sustent\u00e1veis para balancear de forma harm\u00f4nica nossos objetivos de neg\u00f3cios, nossa habilidade t\u00e9cnica para produzir madeira e manter uma fonte infinita de mat\u00e9ria-prima com o m\u00ednimo de impacto ao ambiente; quanto a utiliza\u00e7\u00e3o da argila, outra importante fonte de mat\u00e9ria-prima para a realiza\u00e7\u00e3o de nossas atividades, estamos reduzindo seu uso, evitando desperd\u00edcio e reutilizando quando necess\u00e1rio, em caso de eventual perda de produ\u00e7\u00e3o. Este \u00e9 nosso compromisso como empresa e de todos os funcion\u00e1rios da Cer\u00e2mica Santana.<\/span><\/p>\t\t\t\t\t\t\t\t<\/div>\n\t\t            <\/div>\r\n        <\/div>\r\n        \t\t\t<\/div>\n\t\t<\/section>\n\t\t<div class=\"elementor-element elementor-element-423da36 e-flex e-con-boxed e-con e-parent \" data-id=\"423da36\" data-element_type=\"container\" data-e-type=\"container\">\t\t\t<div class=\"e-con-inner\">\r\n\t\t\t\t<div class=\"elementor-element elementor-element-dd6ca3c elementor-widget elementor-widget-video\" data-id=\"dd6ca3c\" data-element_type=\"widget\" data-e-type=\"widget\" data-settings=\"{&quot;youtube_url&quot;:&quot;https:\\\/\\\/www.youtube.com\\\/watch?v=QJslpqQbVOA&quot;,&quot;video_type&quot;:&quot;youtube&quot;,&quot;controls&quot;:&quot;yes&quot;}\" data-widget_type=\"video.default\">\n\t\t\t\t\t\t\t<div class=\"elementor-wrapper elementor-open-inline\">\n\t\t\t<div class=\"elementor-video\"><\/div>\t\t<\/div>\n\t\t\t\t\t\t<\/div>\n\t\t\t\t\t<\/div>\r\n\t\t\t\t<\/div>\r\n\t\t<div class=\"elementor-element elementor-element-88fab62 e-flex e-con-boxed e-con e-parent \" data-id=\"88fab62\" data-element_type=\"container\" data-e-type=\"container\">\t\t\t<div class=\"e-con-inner\">\r\n\t\t\t\t<div class=\"elementor-element elementor-element-4fba7b0 elementor-widget elementor-widget-text-editor\" data-id=\"4fba7b0\" data-element_type=\"widget\" data-e-type=\"widget\" data-widget_type=\"text-editor.default\">\n\t\t\t\t\t\t\t\t\t<h4>\u00a0<\/h4><h4><span style=\"color: #000000;\">Cr\u00e9ditos de Carbono<\/span><\/h4><p><span style=\"color: #000000;\">Nossos produtos s\u00e3o queimados com madeiras oriundas de produ\u00e7\u00e3o, exclusivamente a partir de plantios auto-sustent\u00e1veis e renov\u00e1veis de eucalipto, implantados em meio \u00e0s \u00e1reas de conserva\u00e7\u00e3o natural, reserva legal e preserva\u00e7\u00e3o permanente.<\/span><\/p><p><span style=\"color: #000000;\">As florestas plantadas tamb\u00e9m protegem o solo da eros\u00e3o e ajudam a reduzir o efeito estufa, j\u00e1 que seq\u00fcestram uma grande quantidade de CO\u00b2 da atmosfera.<\/span><\/p><p><span style=\"color: #000000;\">Nas atividades mineradoras, onde as argilas s\u00e3o extra\u00eddas, possu\u00edmos projetos de recupera\u00e7\u00e3o e monitoramento, atrav\u00e9s da execu\u00e7\u00e3o do PRAD (Plano de Recupera\u00e7\u00e3o de \u00c1rea Degradada). Parte do projeto consiste em plantar mudas de \u00e1rvores para recomposi\u00e7\u00e3o e reflorestamento de esp\u00e9cies nativas, bem como o plantio de \u00e1rvores ex\u00f3ticas como o eucalipto, utilizado como material energ\u00e9tico na queima dos produtos cer\u00e2micos.<\/span><\/p><p>\u00a0<\/p><h4><span style=\"color: #000000;\">Sustentabilidade<\/span><\/h4><p><span style=\"color: #000000;\">A Cer\u00e2mica Santana tende a recuperar, em suas planta\u00e7\u00f5es de eucalipto, uma quantidade de carbono bem maior do que o volume das suas emiss\u00f5es, que abrange todo o processo produtivo.<\/span><\/p><p><span style=\"color: #000000;\">O balan\u00e7o de carbono compreende a diferen\u00e7a entre o volume dos gases de efeito estufa gerada nas opera\u00e7\u00f5es industriais e o volume de di\u00f3xido de carbono que as florestas de eucalipto removem da atmosfera. Empresas que equalizam esse volume zeram a chamada pegada ecol\u00f3gica (footprint).<\/span><\/p><p>\u00a0<\/p><h4><span style=\"color: #000000;\">Redu\u00e7\u00e3o de Consumo Energ\u00e9tico<\/span><\/h4><p><span style=\"color: #000000;\">Constru\u00e7\u00e3o de novos modelos de Fornos, al\u00e9m da autossufici\u00eancia em material energ\u00e9tico, temos como meta a redu\u00e7\u00e3o do consumo do mesmo, com a constru\u00e7\u00e3o de um novo forno utilizado para assar os produtos cer\u00e2micos, em que reduziremos em 60% o consumo de lenha, e tendo outra vantagem important\u00edssima, a melhoria da efici\u00eancia no processo de queima.<\/span><\/p><p>\u00a0<\/p><h4><span style=\"color: #000000;\">Projeto Apicultura<\/span><\/h4><p><span style=\"color: #000000;\">A Cer\u00e2mica Santana possui um acordo de coopera\u00e7\u00e3o com a Casa do Mel, na zona rural do Limoeiro, Alagoinhas\/Ba. Por meio deste, liberamos \u00e1reas de reserva legal, preserva\u00e7\u00e3o permanente e \u00e1reas de reflorestamento de eucaliptos aos apicultores das comunidades locais para estes instalarem colmeias e fornecer seus produtos \u00e0 Casa do Mel, com o intuito de beneficiar diversas fam\u00edlias, gerando emprego e renda \u00e0s comunidades.<\/span><\/p>\t\t\t\t\t\t\t\t<\/div>\n\t\t\t\t\t<\/div>\r\n\t\t\t\t<\/div>\r\n\t\t\t\t<\/div>\n\t\t","protected":false},"excerpt":{"rendered":"<p>Ecologicamente correta Apresentamos nosso compromisso em dire\u00e7\u00e3o aos objetivos da auto-sufici\u00eancia e em dire\u00e7\u00e3o a um neg\u00f3cio que depende fundamentalmente de sustentabilidade. N\u00f3s n\u00e3o s\u00f3 produzimos uma das nossas principais mat\u00e9rias-primas, a madeira, mas como tamb\u00e9m a manejamos com a ajuda da natureza e necessitamos ser sustent\u00e1veis para balancear de forma harm\u00f4nica nossos objetivos de [&hellip;]<\/p>\n","protected":false},"author":0,"featured_media":0,"parent":0,"menu_order":0,"comment_status":"closed","ping_status":"closed","template":"","meta":{"_acf_changed":false,"footnotes":""},"class_list":["post-590","page","type-page","status-publish","hentry"],"acf":[],"aioseo_notices":[],"_links":{"self":[{"href":"https:\/\/ceramicasantanaba.com.br\/otimiza\/wp-json\/wp\/v2\/pages\/590","targetHints":{"allow":["GET"]}}],"collection":[{"href":"https:\/\/ceramicasantanaba.com.br\/otimiza\/wp-json\/wp\/v2\/pages"}],"about":[{"href":"https:\/\/ceramicasantanaba.com.br\/otimiza\/wp-json\/wp\/v2\/types\/page"}],"replies":[{"embeddable":true,"href":"https:\/\/ceramicasantanaba.com.br\/otimiza\/wp-json\/wp\/v2\/comments?post=590"}],"version-history":[{"count":0,"href":"https:\/\/ceramicasantanaba.com.br\/otimiza\/wp-json\/wp\/v2\/pages\/590\/revisions"}],"wp:attachment":[{"href":"https:\/\/ceramicasantanaba.com.br\/otimiza\/wp-json\/wp\/v2\/media?parent=590"}],"curies":[{"name":"wp","href":"https:\/\/api.w.org\/{rel}","templated":true}]}}