{"id":19562,"date":"2025-01-17T20:25:04","date_gmt":"2025-01-17T20:25:04","guid":{"rendered":"https:\/\/ceramicasantanaba.com.br\/otimiza\/?page_id=19562"},"modified":"2025-07-25T19:22:24","modified_gmt":"2025-07-25T19:22:24","slug":"blog","status":"publish","type":"page","link":"https:\/\/ceramicasantanaba.com.br\/otimiza\/blog\/","title":{"rendered":"Blog"},"content":{"rendered":"\t\t<div data-elementor-type=\"wp-page\" data-elementor-id=\"19562\" class=\"elementor elementor-19562\" data-elementor-post-type=\"page\">\n\t\t\t\t        <section class=\"elementor-section elementor-top-section elementor-element elementor-element-2e1949a elementor-section-boxed elementor-section-height-default elementor-section-height-default pxl-type-header-none pxl-row-scroll-none\" data-id=\"2e1949a\" data-element_type=\"section\" data-e-type=\"section\">\n\n                \n                <div class=\"elementor-container elementor-column-gap-extended \">\n                <div class=\"elementor-column elementor-col-100 elementor-top-column elementor-element elementor-element-dff1d94 pxl-column-element-default pxl-column-none pxl-column-overflow-hidden-no\" data-id=\"dff1d94\" data-element_type=\"column\" data-e-type=\"column\">\r\n        <div class=\"elementor-widget-wrap elementor-element-populated\">\r\n                     \r\n        \t\t<div class=\"elementor-element elementor-element-e723d5a pxl-post-layout-post-1 elementor-widget elementor-widget-pxl_post_grid\" data-id=\"e723d5a\" data-element_type=\"widget\" data-e-type=\"widget\" data-widget_type=\"pxl_post_grid.default\">\n\t\t\t\t<div class=\"elementor-widget-container\">\n\t\t\t\t\t<div id=\"pxl_post_grid-e723d5a-8151\" class=\"pxl-grid pxl-blog-grid pxl-blog-grid-layout1\" data-layout=\"masonry\" data-start-page=\"1\" data-max-pages=\"1\" data-total=\"6\" data-perpage=\"9\" data-next-link=\"\">\n    \n    <div class=\"pxl-grid-inner pxl-grid-masonry row\" data-gutter=\"15\">\n        <div class=\"grid-sizer col-xl-4 col-lg-4 col-md-4 col-sm-6 col-12\"><\/div>\n                    <div class=\"pxl-grid-item col-xl-4 col-lg-4 col-md-4 col-sm-6 col-12 artigos\">\n                <div class=\"pxl-item--inner \" data-wow-duration=\"1.2s\">\n                                            <div class=\"pxl-feature pxl-item--featured\">\n                            <a class=\"link-thumbnail\" href=\"https:\/\/ceramicasantanaba.com.br\/otimiza\/telha-ceramica-resinada-o-que-e-e-por-que-usa-la\/\">\n                                <img fetchpriority=\"high\" decoding=\"async\" class=\"no-lazyload \" src=\"https:\/\/ceramicasantanaba.com.br\/otimiza\/wp-content\/uploads\/2025\/02\/telha-de-barro-comprar-600x400.jpg\" width=\"600\" height=\"400\" alt=\"\u00e7\" title=\"~~\" \/>                            <\/a>\n                                                                                                <span class=\"item--date\">\n                                        <i class=\"bravisicon bravisicon-calendar-2\"><\/i>\n                                        fevereiro 15, 2025                                    <\/span>\n                                                                                        \n                        <\/div>\n                                        <div class=\"pxl-item--holder\">\n                                                <h3 class=\"pxl-item--title\"><a href=\"https:\/\/ceramicasantanaba.com.br\/otimiza\/telha-ceramica-resinada-o-que-e-e-por-que-usa-la\/\">Telha Cer\u00e2mica Resinada: O que \u00e9 e por que us\u00e1-la?<\/a><\/h3>\n                                                    <div class=\"pxl-item--content\">\n                                As telhas cer\u00e2micas s\u00e3o amplamente utilizadas na constru\u00e7\u00e3o civil h\u00e1 d\u00e9cadas, sendo&hellip;                            <\/div>\n                                                                            <a class=\"btn-showmore\" href=\"https:\/\/ceramicasantanaba.com.br\/otimiza\/telha-ceramica-resinada-o-que-e-e-por-que-usa-la\/\">\n                                <span>Leia mais<\/span>\n                                <i class=\"bravisicon bravisicon-long-arrow-right-three\"><\/i>\n                            <\/a>\n                                            <\/div>\n                <\/div>\n            <\/div>\n                    <div class=\"pxl-grid-item col-xl-4 col-lg-4 col-md-4 col-sm-6 col-12 artigos\">\n                <div class=\"pxl-item--inner \" data-wow-duration=\"1.2s\">\n                                            <div class=\"pxl-feature pxl-item--featured\">\n                            <a class=\"link-thumbnail\" href=\"https:\/\/ceramicasantanaba.com.br\/otimiza\/telhas-ceramicas-apresentam-beneficios-para-o-meio-ambiente\/\">\n                                <img decoding=\"async\" class=\"no-lazyload \" src=\"https:\/\/ceramicasantanaba.com.br\/otimiza\/wp-content\/uploads\/2025\/03\/13-600x400.jpg\" width=\"600\" height=\"400\" alt=\"Setor expedi\u00e7\u00e3o\" title=\"13\" \/>                            <\/a>\n                                                                                                <span class=\"item--date\">\n                                        <i class=\"bravisicon bravisicon-calendar-2\"><\/i>\n                                        fevereiro 12, 2025                                    <\/span>\n                                                                                        \n                        <\/div>\n                                        <div class=\"pxl-item--holder\">\n                                                <h3 class=\"pxl-item--title\"><a href=\"https:\/\/ceramicasantanaba.com.br\/otimiza\/telhas-ceramicas-apresentam-beneficios-para-o-meio-ambiente\/\">Telhas cer\u00e2micas apresentam benef\u00edcios para o meio ambiente<\/a><\/h3>\n                                                    <div class=\"pxl-item--content\">\n                                Essencial para garantir o conforto t\u00e9rmico e ac\u00fastico de uma resid\u00eancia, galp\u00f5es&hellip;                            <\/div>\n                                                                            <a class=\"btn-showmore\" href=\"https:\/\/ceramicasantanaba.com.br\/otimiza\/telhas-ceramicas-apresentam-beneficios-para-o-meio-ambiente\/\">\n                                <span>Leia mais<\/span>\n                                <i class=\"bravisicon bravisicon-long-arrow-right-three\"><\/i>\n                            <\/a>\n                                            <\/div>\n                <\/div>\n            <\/div>\n                    <div class=\"pxl-grid-item col-xl-4 col-lg-4 col-md-4 col-sm-6 col-12 noticia\">\n                <div class=\"pxl-item--inner \" data-wow-duration=\"1.2s\">\n                                            <div class=\"pxl-feature pxl-item--featured\">\n                            <a class=\"link-thumbnail\" href=\"https:\/\/ceramicasantanaba.com.br\/otimiza\/sustentabilidade-energetica\/\">\n                                <img decoding=\"async\" class=\"no-lazyload \" src=\"https:\/\/ceramicasantanaba.com.br\/otimiza\/wp-content\/uploads\/2017\/05\/plantio-eucalipto-1.jpg\" width=\"593\" height=\"340\" alt=\"Planta\u00e7\u00e3o de Eucalipto\" title=\"plantio-eucalipto\" \/>                            <\/a>\n                                                                                                <span class=\"item--date\">\n                                        <i class=\"bravisicon bravisicon-calendar-2\"><\/i>\n                                        novembro 28, 2013                                    <\/span>\n                                                                                        \n                        <\/div>\n                                        <div class=\"pxl-item--holder\">\n                                                <h3 class=\"pxl-item--title\"><a href=\"https:\/\/ceramicasantanaba.com.br\/otimiza\/sustentabilidade-energetica\/\">Sustentabilidade Energ\u00e9tica e O benef\u00edcio das Florestas Plantadas<\/a><\/h3>\n                                                    <div class=\"pxl-item--content\">\n                                Descreve e fundamenta com dados confi\u00e1veis, as vantagens e utilidade socioecon\u00f4micas das&hellip;                            <\/div>\n                                                                            <a class=\"btn-showmore\" href=\"https:\/\/ceramicasantanaba.com.br\/otimiza\/sustentabilidade-energetica\/\">\n                                <span>Leia mais<\/span>\n                                <i class=\"bravisicon bravisicon-long-arrow-right-three\"><\/i>\n                            <\/a>\n                                            <\/div>\n                <\/div>\n            <\/div>\n                    <div class=\"pxl-grid-item col-xl-4 col-lg-4 col-md-4 col-sm-6 col-12 noticia\">\n                <div class=\"pxl-item--inner \" data-wow-duration=\"1.2s\">\n                                            <div class=\"pxl-feature pxl-item--featured\">\n                            <a class=\"link-thumbnail\" href=\"https:\/\/ceramicasantanaba.com.br\/otimiza\/comparativo-entre-bloco-ceramico-e-de-concreto\/\">\n                                <img loading=\"lazy\" decoding=\"async\" class=\"no-lazyload \" src=\"https:\/\/ceramicasantanaba.com.br\/otimiza\/wp-content\/uploads\/2017\/04\/telha-600x400.jpg\" width=\"600\" height=\"400\" alt=\"telha\" title=\"telha\" \/>                            <\/a>\n                                                                                                <span class=\"item--date\">\n                                        <i class=\"bravisicon bravisicon-calendar-2\"><\/i>\n                                        novembro 28, 2013                                    <\/span>\n                                                                                        \n                        <\/div>\n                                        <div class=\"pxl-item--holder\">\n                                                <h3 class=\"pxl-item--title\"><a href=\"https:\/\/ceramicasantanaba.com.br\/otimiza\/comparativo-entre-bloco-ceramico-e-de-concreto\/\">Comparativo entre bloco cer\u00e2mico e de concreto e o Isolamento da Umidade<\/a><\/h3>\n                                                    <div class=\"pxl-item--content\">\n                                                            <\/div>\n                                                                            <a class=\"btn-showmore\" href=\"https:\/\/ceramicasantanaba.com.br\/otimiza\/comparativo-entre-bloco-ceramico-e-de-concreto\/\">\n                                <span>Leia mais<\/span>\n                                <i class=\"bravisicon bravisicon-long-arrow-right-three\"><\/i>\n                            <\/a>\n                                            <\/div>\n                <\/div>\n            <\/div>\n                    <div class=\"pxl-grid-item col-xl-4 col-lg-4 col-md-4 col-sm-6 col-12 noticia\">\n                <div class=\"pxl-item--inner \" data-wow-duration=\"1.2s\">\n                                            <div class=\"pxl-feature pxl-item--featured\">\n                            <a class=\"link-thumbnail\" href=\"https:\/\/ceramicasantanaba.com.br\/otimiza\/ceramica-santana-representa-alagoinhas-em-evento-nacion\/\">\n                                <img loading=\"lazy\" decoding=\"async\" class=\"no-lazyload \" src=\"https:\/\/ceramicasantanaba.com.br\/otimiza\/wp-content\/uploads\/2012\/07\/foto-site.jpg\" width=\"400\" height=\"400\" alt=\"foto-site\" title=\"foto-site\" \/>                            <\/a>\n                                                                                                <span class=\"item--date\">\n                                        <i class=\"bravisicon bravisicon-calendar-2\"><\/i>\n                                        julho 18, 2012                                    <\/span>\n                                                                                        \n                        <\/div>\n                                        <div class=\"pxl-item--holder\">\n                                                <h3 class=\"pxl-item--title\"><a href=\"https:\/\/ceramicasantanaba.com.br\/otimiza\/ceramica-santana-representa-alagoinhas-em-evento-nacion\/\">Cer\u00e2mica Santana representa Alagoinhas em evento nacional<\/a><\/h3>\n                                                    <div class=\"pxl-item--content\">\n                                                            <\/div>\n                                                                            <a class=\"btn-showmore\" href=\"https:\/\/ceramicasantanaba.com.br\/otimiza\/ceramica-santana-representa-alagoinhas-em-evento-nacion\/\">\n                                <span>Leia mais<\/span>\n                                <i class=\"bravisicon bravisicon-long-arrow-right-three\"><\/i>\n                            <\/a>\n                                            <\/div>\n                <\/div>\n            <\/div>\n                    <div class=\"pxl-grid-item col-xl-4 col-lg-4 col-md-4 col-sm-6 col-12 noticia\">\n                <div class=\"pxl-item--inner \" data-wow-duration=\"1.2s\">\n                                            <div class=\"pxl-feature pxl-item--featured\">\n                            <a class=\"link-thumbnail\" href=\"https:\/\/ceramicasantanaba.com.br\/otimiza\/estadio-do-maracana-na-onda-sustentavel\/\">\n                                <img loading=\"lazy\" decoding=\"async\" class=\"no-lazyload \" src=\"https:\/\/ceramicasantanaba.com.br\/otimiza\/wp-content\/uploads\/2012\/05\/futebol_maracana_reforma.jpg\" width=\"390\" height=\"296\" alt=\"Est\u00e1dio do Maracan\u00e3\" title=\"futebol_maracana_reforma\" \/>                            <\/a>\n                                                                                                <span class=\"item--date\">\n                                        <i class=\"bravisicon bravisicon-calendar-2\"><\/i>\n                                        maio 15, 2012                                    <\/span>\n                                                                                        \n                        <\/div>\n                                        <div class=\"pxl-item--holder\">\n                                                <h3 class=\"pxl-item--title\"><a href=\"https:\/\/ceramicasantanaba.com.br\/otimiza\/estadio-do-maracana-na-onda-sustentavel\/\">Est\u00e1dio do Maracan\u00e3 na onda sustent\u00e1vel<\/a><\/h3>\n                                                    <div class=\"pxl-item--content\">\n                                                            <\/div>\n                                                                            <a class=\"btn-showmore\" href=\"https:\/\/ceramicasantanaba.com.br\/otimiza\/estadio-do-maracana-na-onda-sustentavel\/\">\n                                <span>Leia mais<\/span>\n                                <i class=\"bravisicon bravisicon-long-arrow-right-three\"><\/i>\n                            <\/a>\n                                            <\/div>\n                <\/div>\n            <\/div>\n            <\/div>\n            <div class=\"pxl-grid-pagination\" data-loadmore=\"{&quot;post_type&quot;:&quot;post&quot;,&quot;layout&quot;:&quot;post-1&quot;,&quot;layout_mode&quot;:&quot;masonry&quot;,&quot;startPage&quot;:1,&quot;maxPages&quot;:1,&quot;total&quot;:6,&quot;perpage&quot;:9,&quot;nextLink&quot;:&quot;&quot;,&quot;source&quot;:&quot;&quot;,&quot;orderby&quot;:&quot;date&quot;,&quot;order&quot;:&quot;desc&quot;,&quot;limit&quot;:9,&quot;post_ids&quot;:[],&quot;col_xl&quot;:4,&quot;col_lg&quot;:4,&quot;col_md&quot;:4,&quot;col_sm&quot;:6,&quot;col_xs&quot;:12,&quot;pagination_type&quot;:&quot;pagination&quot;,&quot;show_author&quot;:&quot;&quot;,&quot;show_date&quot;:&quot;true&quot;,&quot;num_words&quot;:12,&quot;show_excerpt&quot;:&quot;true&quot;,&quot;show_button&quot;:&quot;true&quot;,&quot;button_text&quot;:&quot;Leia mais&quot;,&quot;img_size&quot;:&quot;600x400&quot;,&quot;grid_masonry&quot;:&quot;&quot;,&quot;pxl_animate&quot;:&quot;&quot;,&quot;tax&quot;:[&quot;category&quot;]}\" data-query=\"{&quot;post_type&quot;:&quot;post&quot;,&quot;post_status&quot;:&quot;publish&quot;,&quot;posts_per_page&quot;:9,&quot;order&quot;:&quot;desc&quot;,&quot;orderby&quot;:&quot;date&quot;,&quot;tax_query&quot;:{&quot;relation&quot;:&quot;OR&quot;},&quot;post__not_in&quot;:[19562]}\">\n                    <\/div>\n        <\/div>\t\t\t\t<\/div>\n\t\t\t\t<\/div>\n\t\t            <\/div>\r\n        <\/div>\r\n        \t\t\t<\/div>\n\t\t<\/section>\n\t\t\t\t<\/div>\n\t\t","protected":false},"excerpt":{"rendered":"<p>maio 9, 2017 Telhas cer\u00e2micas apresentam benef\u00edcios para o meio ambiente Essencial para garantir o conforto t\u00e9rmico e ac\u00fastico de uma resid\u00eancia, galp\u00f5es&hellip; Leia mais novembro 28, 2013 Sustentabilidade Energ\u00e9tica e O benef\u00edcio das Florestas Plantadas Descreve e fundamenta com dados confi\u00e1veis, as vantagens e utilidade socioecon\u00f4micas das&hellip; Leia mais novembro 28, 2013 Comparativo entre [&hellip;]<\/p>\n","protected":false},"author":7,"featured_media":0,"parent":0,"menu_order":0,"comment_status":"closed","ping_status":"closed","template":"","meta":{"_acf_changed":false,"footnotes":""},"class_list":["post-19562","page","type-page","status-publish","hentry"],"acf":[],"aioseo_notices":[],"_links":{"self":[{"href":"https:\/\/ceramicasantanaba.com.br\/otimiza\/wp-json\/wp\/v2\/pages\/19562","targetHints":{"allow":["GET"]}}],"collection":[{"href":"https:\/\/ceramicasantanaba.com.br\/otimiza\/wp-json\/wp\/v2\/pages"}],"about":[{"href":"https:\/\/ceramicasantanaba.com.br\/otimiza\/wp-json\/wp\/v2\/types\/page"}],"author":[{"embeddable":true,"href":"https:\/\/ceramicasantanaba.com.br\/otimiza\/wp-json\/wp\/v2\/users\/7"}],"replies":[{"embeddable":true,"href":"https:\/\/ceramicasantanaba.com.br\/otimiza\/wp-json\/wp\/v2\/comments?post=19562"}],"version-history":[{"count":0,"href":"https:\/\/ceramicasantanaba.com.br\/otimiza\/wp-json\/wp\/v2\/pages\/19562\/revisions"}],"wp:attachment":[{"href":"https:\/\/ceramicasantanaba.com.br\/otimiza\/wp-json\/wp\/v2\/media?parent=19562"}],"curies":[{"name":"wp","href":"https:\/\/api.w.org\/{rel}","templated":true}]}}